te number?
False
Is 4616033 prime?
True
Is 2609 a prime number?
True
Is 118709 a composite number?
False
Is 55987 prime?
True
Is 527 composite?
True
Is 276917 prime?
True
Is 71543 composite?
True
Is 36469 a prime number?
True
Is 3953 prime?
False
Is 1693 prime?
True
Is 8135 a prime number?
False
Is 677531 composite?
False
Is 379963 prime?
True
Is 82347 a composite number?
True
Is 54857 prime?
False
Is 21587 a prime number?
True
Is 2567 a prime number?
False
Is 38693 a prime number?
True
Is 4373 a composite number?
False
Is 1623862 composite?
True
Is 222487 a composite number?
True
Is 338597 a composite number?
True
Is 2627 composite?
True
Is 10999 composite?
True
Is 19579 a composite number?
True
Is 77241 composite?
True
Is 635 prime?
False
Is 5261 a prime number?
True
Is 13709 a prime number?
True
Is 13327 prime?
True
Is 1543 prime?
True
Is 19841 a prime number?
True
Is 594793 a composite number?
False
Is 5758 prime?
False
Is 9487 a prime number?
False
Is 18859 prime?
True
Is 193483 a composite number?
True
Is 644327 prime?
True
Is 218567 a composite number?
True
Is 18119 composite?
False
Is 282253 composite?
False
Is 1769 a composite number?
True
Is 526 prime?
False
Is 230683 a prime number?
True
Is 37667 a composite number?
True
Is 1319 a prime number?
True
Is 2809 prime?
False
Is 991 composite?
False
Is 368617 a prime number?
False
Is 708671 prime?
False
Is 16537 a composite number?
True
Is 33421 composite?
True
Is 8637 prime?
False
Is 336761 composite?
False
Is 22739 prime?
True
Is 19553 composite?
False
Is 202 prime?
False
Is 104369 a prime number?
True
Is 38861 composite?
False
Is 278033 a composite number?
True
Is 391241 composite?
True
Is 6295 prime?
False
Is 2191051 prime?
True
Is 21785 prime?
False
Is 240895 composite?
True
Is 1244987 prime?
True
Is 11819 composite?
True
Is 62071 a composite number?
False
Is 17417 a composite number?
False
Is 8002 a prime number?
False
Is 11099 prime?
False
Is 15653 a composite number?
True
Is 676019 prime?
False
Is 348518 a composite number?
True
Is 111467 a prime number?
True
Is 799 a composite number?
True
Is 10037 prime?
True
Is 18965 a prime number?
False
Is 24731 a composite number?
True
Is 1003 composite?
True
Is 8011 composite?
False
Is 82129 prime?
True
Is 10673 a prime number?
False
Is 3291481 composite?
False
Is 2965 a prime number?
False
Is 2633 a composite number?
False
Is 3013 composite?
True
Is 8939 prime?
False
Is 13979 a composite number?
True
Is 536051 a composite number?
False
Is 998717 prime?
True
Is 1015571 prime?
True
Is 18607 composite?
True
Is 9761 a composite number?
True
Is 1100789 composite?
True
Is 17807 prime?
True
Is 1277 composite?
False
Is 1361 composite?
False
Is 655 a composite number?
True
Is 5120507 a prime number?
False
Is 22267 a composite number?
True
Is 856223 a prime number?
False
Is 23251 prime?
True
Is 6029 prime?
True
Is 3793 a composite number?
False
Is 16801 a composite number?
True
Is 110779 prime?
False
Is 171007 composite?
False
Is 224689 a composite number?
True
Is 291769 a composite number?
True
Is 70769 prime?
True
Is 17861 composite?
True
Is 127027 composite?
True
Is 134803 prime?
False
Is 278045 a prime number?
False
Is 4729 a prime number?
True
Is 7297 prime?
True
Is 37165 a prime number?
False
Is 10687 prime?
True
Is 13645 prime?
False
Is 1293 prime?
False
Is 68023 prime?
True
Is 469617 prime?
False
Is 422693 a prime number?
False
Is 3183 composite?
True
Is 4547 a prime number?
True
Is 392201 a prime number?
True
Is 2578 prime?
False
Is 102649 a prime number?
False
Is 5111 a composite number?
True
Is 1774663 composite?
True
Is 33079 composite?
True
Is 51931 composite?
True
Is 443 prime?
True
Is 3989 a prime number?
True
Is 21799 a prime number?
True
Is 36323 a prime number?
False
Is 416203 prime?
False
Is 1657 a composite number?
False
Is 1750807 composite?
False
Is 45517 composite?
True
Is 25057 a prime number?
True
Is 205363 prime?
False
Is 5671 a composite number?
True
Is 9551 a composite number?
False
Is 112165 a prime number?
False
Is 204857 composite?
False
Is 468773 a prime number?
True
Is 51079 composite?
True
Is 15493 prime?
True
Is 25837 a prime number?
False
Is 2429 composite?
True
Is 7669 composite?
False
Is 587371 a composite number?
False
Is 18519 a prime number?
False
Is 1279577 a composite number?
True
Is 54539 composite?
False
Is 1009 prime?
True
Is 802279 composite?
False
Is 113845 a composite number?
True
Is 186643 composite?
True
Is 1269685 composite?
True
Is 223679 prime?
True
Is 17849 prime?
False
Is 8609 prime?
True
Is 16486 prime?
False
Is 44833 a prime number?
False
Is 101819 a prime number?
False
Is 25706 prime?
False
Is 57149 a prime number?
True
Is 3833 a prime number?
True
Is 543157 a prime number?
True
Is 200063 a prime number?
True
Is 2201 composite?
True
Is 53471 prime?
False
Is 21667 prime?
False
Is 45145 prime?
False
Is 2333 composite?
False
Is 188455 composite?
True
Is 16759 prime?
True
Is 79703 prime?
False
Is 121123 prime?
True
Is 145295 prime?
False
Is 1011 a prime number?
False
Is 15109 prime?
False
Is 11053 prime?
False
Is 893759 a composite number?
True
Is 5793 prime?
False
Is 669 prime?
False
Is 16871 a prime number?
True
Is 1835 a composite number?
True
Is 414301 a composite number?
True
Is 153871 composite?
False
Is 966269 composite?
True
Is 31873 prime?
True
Is 192221 prime?
False
Is 1189 prime?
False
Is 887 a prime number?
True
Is 31643 a prime number?
True
Is 1597 composite?
False
Is 12746 a prime number?
False
Is 115871 composite?
True
Is 29662 a composite number?
True
Is 181255 composite?
True
Is 957083 a prime number?
False
Is 147011 prime?
True
Is 462361 composite?
False
Is 636095 a composite number?
True
Is 123527 a prime number?
True
Is 14221 composite?
False
Is 20939 a composite number?
False
Is 47181 composite?
True
Is 123997 prime?
True
Is 1353155 a prime number?
False
Is 1403 a prime number?
False
Is 2506661 composite?
False
Is 12631 prime?
False
Is 35797 a prime number?
True
Is 12497 prime?
True
Is 119473 a composite number?
True
Is 8413 composite?
True
Is 2149 a prime number?
False
Is 54721 a prime number?
True
Is 628583 a composite number?
False
Is 765887 composite?
True
Is 1574 a composite number?
True
Is 118361 a composite number?
False
Is 31 prime?
True
Is 206743 composite?
True
Is 13291 composite?
False
Is 241141 a prime number?
True
Is 23979 a prime number?
False
Is 61229 prime?
False
Is 9217 a prime number?
False
Is 75011 a prime number?
True
Is 5937 a prime number?
False
Is 37579 composite?
False
Is 173153 composite?
True
Is 25961 composite?
True
Is 81727 prime?
True
Is 192119 a prime number?
False
Is 11545 prime?
False
Is 12637 a prime number?
True
Is 360363 prime?
False
Is 1072061 a composite number?
True
Is 60253 composite?
True
Is 19 prime?
True
Is 45481 a composite number?
False
Is 935131 a composite number?
True
Is 590537 composite?
False
Is 96527 a prime number?
True
Is 231197 a composite number?
False
Is 9427 composite?
True
Is 151337 prime?
True
Is 56251 prime?
False
Is 3491 composite?
False
Is 450101 a prime number?
True
Is 624191 prime?
True
Is 78101 a prime number?
True
Is 50459 prime?
True
Is 53953 a prime number?
False
Is 578893 a composite number?
True
Is 110681 prime?
True
Is 44729 a composite number?
False
Is 96041 a prime number?
False
Is 37757 a prime number?
False
Is 6343 a composite number?
False
Is 1822283 prime?
False
Is 111091 composite?
False
Is 486527 composite?
False
Is 4897 a composite number?
True
Is 699311 a prime number?
False
Is 12295 a prime number?
False
Is 44087 composite?
False
Is 1148219 prime?
True
Is 2043121 prime?
True
Is 42787 prime?
True
Is 17707 prime?
True
Is 1420831 composite?
False
Is 236087 prime?
True
Is 27121 a prime number?
False
Is 785 composite?
True
Is 5737 a composite number?
False
Is 771 composite?
True
Is 20593 prime?
True
Is 143783 composite?
True
Is 2033543 a prime number?
True
Is 2819 composite?
False
Is 398353 composite?
False
Is 23813 prime?
True
Is 7933 prime?
True
Is 7297 composite?
False
Is 27289 a prime number?
False
Is 4353 a prime number?
False
Is 419 prime?
True
Is 42307 prime?
True
Is 199141 prime?
False
Is 181527 a prime number?
False
Is 1151 prime?
True
Is 578329 composite?
True
Is 557 composite?
False
I